{"id":486,"date":"2025-11-24T14:15:38","date_gmt":"2025-11-24T13:15:38","guid":{"rendered":"https:\/\/lilyallonneau.fr\/?page_id=486"},"modified":"2026-02-27T21:10:06","modified_gmt":"2026-02-27T20:10:06","slug":"p2-prod-2","status":"publish","type":"page","link":"https:\/\/lilyallonneau.fr\/index.php\/p2-prod-2\/","title":{"rendered":"P3 &#8211; Prod 1"},"content":{"rendered":"\t\t<div data-elementor-type=\"wp-page\" data-elementor-id=\"486\" class=\"elementor elementor-486\">\n\t\t\t\t<div class=\"elementor-element elementor-element-cf2ef5b e-flex e-con-boxed e-con e-parent\" data-id=\"cf2ef5b\" data-element_type=\"container\" data-e-type=\"container\">\n\t\t\t\t\t<div class=\"e-con-inner\">\n\t\t<div class=\"elementor-element elementor-element-8b752de e-con-full e-flex e-con e-child\" data-id=\"8b752de\" data-element_type=\"container\" data-e-type=\"container\">\n\t\t\t\t<div class=\"elementor-element elementor-element-8de780a elementor-widget elementor-widget-heading\" data-id=\"8de780a\" data-element_type=\"widget\" data-e-type=\"widget\" data-widget_type=\"heading.default\">\n\t\t\t\t<div class=\"elementor-widget-container\">\n\t\t\t\t\t<h2 class=\"elementor-heading-title elementor-size-default\">Production N\u00b01<\/h2>\t\t\t\t<\/div>\n\t\t\t\t<\/div>\n\t\t\t\t<div class=\"elementor-element elementor-element-4a5ce5a elementor-widget elementor-widget-heading\" data-id=\"4a5ce5a\" data-element_type=\"widget\" data-e-type=\"widget\" data-widget_type=\"heading.default\">\n\t\t\t\t<div class=\"elementor-widget-container\">\n\t\t\t\t\t<h2 class=\"elementor-heading-title elementor-size-default\">Plan de communication<\/h2>\t\t\t\t<\/div>\n\t\t\t\t<\/div>\n\t\t\t\t<\/div>\n\t\t\t\t\t<\/div>\n\t\t\t\t<\/div>\n\t\t<div class=\"elementor-element elementor-element-b5e7965 e-flex e-con-boxed e-con e-parent\" data-id=\"b5e7965\" data-element_type=\"container\" data-e-type=\"container\">\n\t\t\t\t\t<div class=\"e-con-inner\">\n\t\t<div class=\"elementor-element elementor-element-7e62beb e-con-full e-flex e-con e-child\" data-id=\"7e62beb\" data-element_type=\"container\" data-e-type=\"container\">\n\t\t\t\t<div class=\"elementor-element elementor-element-45a0d99 elementor-arrows-position-inside elementor-pagination-position-outside elementor-widget elementor-widget-image-carousel\" data-id=\"45a0d99\" data-element_type=\"widget\" data-e-type=\"widget\" data-settings=\"{&quot;slides_to_show&quot;:&quot;1&quot;,&quot;navigation&quot;:&quot;both&quot;,&quot;autoplay&quot;:&quot;yes&quot;,&quot;pause_on_hover&quot;:&quot;yes&quot;,&quot;pause_on_interaction&quot;:&quot;yes&quot;,&quot;autoplay_speed&quot;:5000,&quot;infinite&quot;:&quot;yes&quot;,&quot;effect&quot;:&quot;slide&quot;,&quot;speed&quot;:500}\" data-widget_type=\"image-carousel.default\">\n\t\t\t\t<div class=\"elementor-widget-container\">\n\t\t\t\t\t\t\t<div class=\"elementor-image-carousel-wrapper swiper\" role=\"region\" aria-roledescription=\"carousel\" aria-label=\"PLAN DE COM\" dir=\"ltr\">\n\t\t\t<div class=\"elementor-image-carousel swiper-wrapper\" aria-live=\"off\">\n\t\t\t\t\t\t\t\t<div class=\"swiper-slide\" role=\"group\" aria-roledescription=\"slide\" aria-label=\"1 sur 4\"><figure class=\"swiper-slide-inner\"><img decoding=\"async\" class=\"swiper-slide-image\" src=\"https:\/\/lilyallonneau.fr\/wp-content\/uploads\/2026\/02\/PLAN-DE-COM-p1-1024x576.jpg\" alt=\"PLAN DE COM p1\" \/><\/figure><\/div><div class=\"swiper-slide\" role=\"group\" aria-roledescription=\"slide\" aria-label=\"2 sur 4\"><figure class=\"swiper-slide-inner\"><img decoding=\"async\" class=\"swiper-slide-image\" src=\"https:\/\/lilyallonneau.fr\/wp-content\/uploads\/2026\/02\/PLAN-DE-COM-p2-1024x576.jpg\" alt=\"PLAN DE COM p2\" \/><\/figure><\/div><div class=\"swiper-slide\" role=\"group\" aria-roledescription=\"slide\" aria-label=\"3 sur 4\"><figure class=\"swiper-slide-inner\"><img decoding=\"async\" class=\"swiper-slide-image\" src=\"https:\/\/lilyallonneau.fr\/wp-content\/uploads\/2026\/02\/PLAN-DE-COM-p3-1024x576.jpg\" alt=\"PLAN DE COM p3\" \/><\/figure><\/div><div class=\"swiper-slide\" role=\"group\" aria-roledescription=\"slide\" aria-label=\"4 sur 4\"><figure class=\"swiper-slide-inner\"><img decoding=\"async\" class=\"swiper-slide-image\" src=\"https:\/\/lilyallonneau.fr\/wp-content\/uploads\/2026\/02\/PLAN-DE-COM-p4-1024x576.jpg\" alt=\"PLAN DE COM p4\" \/><\/figure><\/div>\t\t\t<\/div>\n\t\t\t\t\t\t\t\t\t\t\t\t<div class=\"elementor-swiper-button elementor-swiper-button-prev\" role=\"button\" tabindex=\"0\">\n\t\t\t\t\t\t<svg aria-hidden=\"true\" class=\"e-font-icon-svg e-eicon-chevron-left\" viewBox=\"0 0 1000 1000\" xmlns=\"http:\/\/www.w3.org\/2000\/svg\"><path d=\"M646 125C629 125 613 133 604 142L308 442C296 454 292 471 292 487 292 504 296 521 308 533L604 854C617 867 629 875 646 875 663 875 679 871 692 858 704 846 713 829 713 812 713 796 708 779 692 767L438 487 692 225C700 217 708 204 708 187 708 171 704 154 692 142 675 129 663 125 646 125Z\"><\/path><\/svg>\t\t\t\t\t<\/div>\n\t\t\t\t\t<div class=\"elementor-swiper-button elementor-swiper-button-next\" role=\"button\" tabindex=\"0\">\n\t\t\t\t\t\t<svg aria-hidden=\"true\" class=\"e-font-icon-svg e-eicon-chevron-right\" viewBox=\"0 0 1000 1000\" xmlns=\"http:\/\/www.w3.org\/2000\/svg\"><path d=\"M696 533C708 521 713 504 713 487 713 471 708 454 696 446L400 146C388 133 375 125 354 125 338 125 325 129 313 142 300 154 292 171 292 187 292 204 296 221 308 233L563 492 304 771C292 783 288 800 288 817 288 833 296 850 308 863 321 871 338 875 354 875 371 875 388 867 400 854L696 533Z\"><\/path><\/svg>\t\t\t\t\t<\/div>\n\t\t\t\t\n\t\t\t\t\t\t\t\t\t<div class=\"swiper-pagination\"><\/div>\n\t\t\t\t\t\t\t\t\t<\/div>\n\t\t\t\t\t\t<\/div>\n\t\t\t\t<\/div>\n\t\t\t\t<\/div>\n\t\t\t\t\t<\/div>\n\t\t\t\t<\/div>\n\t\t<div class=\"elementor-element elementor-element-1f874ec e-con-full e-flex e-con e-parent\" data-id=\"1f874ec\" data-element_type=\"container\" data-e-type=\"container\">\n\t\t\t\t<div class=\"elementor-element elementor-element-7f33b02 elementor-widget elementor-widget-text-editor\" data-id=\"7f33b02\" data-element_type=\"widget\" data-e-type=\"widget\" data-widget_type=\"text-editor.default\">\n\t\t\t\t<div class=\"elementor-widget-container\">\n\t\t\t\t\t\t\t\t\t<p><span style=\"font-weight: 400;\">On parle \u00e0 une cible 18\u201325 ans, tous genres confondus, qui aime se d\u00e9marquer et cr\u00e9er ses propres looks.<\/span><\/p><p><span style=\"font-weight: 400;\">Le slogan \u201cR\u00e9v\u00e8le ton glow, invente ta vibe\u201d r\u00e9sume bien le positionnement de la marque : une marque jeune qui c\u00e9l\u00e8bre la cr\u00e9ativit\u00e9, l\u2019inclusivit\u00e9 et la libert\u00e9 d\u2019expression par le maquillage<\/span><\/p><p><span style=\"font-weight: 400;\">Nos messages cl\u00e9s : fabulous, enjoy, positivity, dream et smile.<\/span><\/p>\t\t\t\t\t\t\t\t<\/div>\n\t\t\t\t<\/div>\n\t\t\t\t<\/div>\n\t\t<div class=\"elementor-element elementor-element-bdcd9db e-con-full e-flex e-con e-parent\" data-id=\"bdcd9db\" data-element_type=\"container\" data-e-type=\"container\">\n\t\t\t\t<div class=\"elementor-element elementor-element-b5cf8b5 elementor-widget-divider--view-line elementor-widget elementor-widget-divider\" data-id=\"b5cf8b5\" data-element_type=\"widget\" data-e-type=\"widget\" data-widget_type=\"divider.default\">\n\t\t\t\t<div class=\"elementor-widget-container\">\n\t\t\t\t\t\t\t<div class=\"elementor-divider\">\n\t\t\t<span class=\"elementor-divider-separator\">\n\t\t\t\t\t\t<\/span>\n\t\t<\/div>\n\t\t\t\t\t\t<\/div>\n\t\t\t\t<\/div>\n\t\t\t\t<div class=\"elementor-element elementor-element-a838376 elementor-widget elementor-widget-text-editor\" data-id=\"a838376\" data-element_type=\"widget\" data-e-type=\"widget\" data-widget_type=\"text-editor.default\">\n\t\t\t\t<div class=\"elementor-widget-container\">\n\t\t\t\t\t\t\t\t\t<p><b><u>BRIEF CREATIF :<\/u><\/b><\/p><p><b>1\/<\/b><span style=\"font-weight: 400;\"> Pr\u00e9sentation : GLIMMER est une marque fictive de cosm\u00e9tiques ludiques, sp\u00e9cialis\u00e9e dans les produits paillet\u00e9s, cr\u00e9atifs et color\u00e9s. Gr\u00e2ce \u00e0 son univers fun et inclusif, GLIMMER valorisant la libert\u00e9, l\u2019expression par le maquillage et la cr\u00e9ativit\u00e9, pouss\u00e9es par des tendances virales sur les r\u00e9seaux sociaux.<\/span><\/p><p><b>2\/<\/b><span style=\"font-weight: 400;\"> Contexte : La marque se lance sur un march\u00e9 cosm\u00e9tique tr\u00e8s concurrentiel avec un public tr\u00e8s exigeant. Le plan de communication complet comprend : objectifs, positionnement, message, cibles et r\u00e9troplanning du plan de com. Il permet de poser les bases de la marque et d\u2019assurer une entr\u00e9e coh\u00e9rente et m\u00e9morable sur le march\u00e9.<\/span><\/p><p><b>3\/<\/b><span style=\"font-weight: 400;\"> Objectifs : pr\u00e9senter GLIMMER comme une marque dynamique et moderne ; g\u00e9n\u00e9rer de la curiosit\u00e9 et du \u00ab wahou \u00bb autour du lancement ; attirer une communaut\u00e9 d\u2019influenceurs autour de la marque (r\u00e9seaux sociaux + \u00e9v\u00e8nementiel) ; encourager les premiers \u00e0 l\u2019achat gr\u00e2ce \u00e0 une communication explosive et visuellement choc.<\/span><\/p><p>\u00a0<\/p><p>\u00a0<\/p><p>\u00a0<\/p><p><b>4\/<\/b><span style=\"font-weight: 400;\"> Cibles : GLIMMER marque s\u2019adresse aux jeunes femmes &amp; hommes 18-25 ans (coeur <\/span><span style=\"font-weight: 400;\">de cible), sensibles aux tendances beaut\u00e9, utilisateurs actifs des r\u00e9seaux sociaux, qui recherchent des produits fun et originaux pour exprimer librement leur cr\u00e9ativit\u00e9 (cibles principales) ; aux fans d\u2019\u00e9v\u00e9nements festifs(festivals..) ou acteurs de spectacles artistiques (cible secondaire) ; aux influenceurs make-up et cr\u00e9ateurs de contenu beaut\u00e9 sont (cibles relais).<\/span><\/p><p><b>5\/<\/b><span style=\"font-weight: 400;\"> Contraintes : Respect de l\u2019identit\u00e9 visuelle GLIMMER (palette pastel\/paillettes, typographie, univers lumineux\/paillet\u00e9)<\/span><\/p><p><b>6\/<\/b><span style=\"font-weight: 400;\"> Attentes : plan de communication coh\u00e9rent et structur\u00e9 ; un positionnement coh\u00e9rent, des supports adapt\u00e9s \u00e0 la cible : r\u00e9seaux sociaux, event, affichage \u00e9v\u00e8nementiel, support jamais vu ; \u00e9v\u00e8nement de lancement qui refl\u00e8te \u00e0 100% GLIMMER ; campagne de communication qui a un effet \u201cwahou\u201d, avec des visuels impactants et instagramables.<\/span><\/p><p><br style=\"font-weight: 400;\" \/><br style=\"font-weight: 400;\" \/><\/p>\t\t\t\t\t\t\t\t<\/div>\n\t\t\t\t<\/div>\n\t\t\t\t<\/div>\n\t\t<div class=\"elementor-element elementor-element-54d55a1 e-flex e-con-boxed e-con e-parent\" data-id=\"54d55a1\" data-element_type=\"container\" data-e-type=\"container\">\n\t\t\t\t\t<div class=\"e-con-inner\">\n\t\t\t\t<div class=\"elementor-element elementor-element-3848dd1 elementor-widget-divider--view-line elementor-widget elementor-widget-divider\" data-id=\"3848dd1\" data-element_type=\"widget\" data-e-type=\"widget\" data-widget_type=\"divider.default\">\n\t\t\t\t<div class=\"elementor-widget-container\">\n\t\t\t\t\t\t\t<div class=\"elementor-divider\">\n\t\t\t<span class=\"elementor-divider-separator\">\n\t\t\t\t\t\t<\/span>\n\t\t<\/div>\n\t\t\t\t\t\t<\/div>\n\t\t\t\t<\/div>\n\t\t\t\t\t<\/div>\n\t\t\t\t<\/div>\n\t\t<div class=\"elementor-element elementor-element-770fd18 e-flex e-con-boxed e-con e-parent\" data-id=\"770fd18\" data-element_type=\"container\" data-e-type=\"container\">\n\t\t\t\t\t<div class=\"e-con-inner\">\n\t\t\t\t<div class=\"elementor-element elementor-element-3738757 elementor-widget elementor-widget-heading\" data-id=\"3738757\" data-element_type=\"widget\" data-e-type=\"widget\" data-widget_type=\"heading.default\">\n\t\t\t\t<div class=\"elementor-widget-container\">\n\t\t\t\t\t<h2 class=\"elementor-heading-title elementor-size-default\">Indicateurs de Performance \u00e0 analyser : <\/h2>\t\t\t\t<\/div>\n\t\t\t\t<\/div>\n\t\t\t\t<div class=\"elementor-element elementor-element-f8a9052 elementor-widget elementor-widget-text-editor\" data-id=\"f8a9052\" data-element_type=\"widget\" data-e-type=\"widget\" data-widget_type=\"text-editor.default\">\n\t\t\t\t<div class=\"elementor-widget-container\">\n\t\t\t\t\t\t\t\t\t<ul><li>impact global de la campagne<\/li><li>engagement digital et viralit\u00e9 sur les r\u00e9seaux sociaux<\/li><li>participation \u00e0 l\u2019\u00e9v\u00e9nement<\/li><li>notori\u00e9t\u00e9 post-campagne<\/li><\/ul>\t\t\t\t\t\t\t\t<\/div>\n\t\t\t\t<\/div>\n\t\t\t\t\t<\/div>\n\t\t\t\t<\/div>\n\t\t\t\t<\/div>\n\t\t","protected":false},"excerpt":{"rendered":"<p>Production N\u00b01 Plan de communication On parle \u00e0 une cible 18\u201325 ans, tous genres confondus, qui aime se d\u00e9marquer et cr\u00e9er ses propres looks. Le slogan \u201cR\u00e9v\u00e8le ton glow, invente ta vibe\u201d r\u00e9sume bien le positionnement de la marque : une marque jeune qui c\u00e9l\u00e8bre la cr\u00e9ativit\u00e9, l\u2019inclusivit\u00e9 et la libert\u00e9 d\u2019expression par le maquillage [&hellip;]<\/p>\n","protected":false},"author":1,"featured_media":0,"parent":0,"menu_order":0,"comment_status":"closed","ping_status":"closed","template":"","meta":{"footnotes":""},"class_list":["post-486","page","type-page","status-publish","hentry"],"_links":{"self":[{"href":"https:\/\/lilyallonneau.fr\/index.php\/wp-json\/wp\/v2\/pages\/486","targetHints":{"allow":["GET"]}}],"collection":[{"href":"https:\/\/lilyallonneau.fr\/index.php\/wp-json\/wp\/v2\/pages"}],"about":[{"href":"https:\/\/lilyallonneau.fr\/index.php\/wp-json\/wp\/v2\/types\/page"}],"author":[{"embeddable":true,"href":"https:\/\/lilyallonneau.fr\/index.php\/wp-json\/wp\/v2\/users\/1"}],"replies":[{"embeddable":true,"href":"https:\/\/lilyallonneau.fr\/index.php\/wp-json\/wp\/v2\/comments?post=486"}],"version-history":[{"count":18,"href":"https:\/\/lilyallonneau.fr\/index.php\/wp-json\/wp\/v2\/pages\/486\/revisions"}],"predecessor-version":[{"id":997,"href":"https:\/\/lilyallonneau.fr\/index.php\/wp-json\/wp\/v2\/pages\/486\/revisions\/997"}],"wp:attachment":[{"href":"https:\/\/lilyallonneau.fr\/index.php\/wp-json\/wp\/v2\/media?parent=486"}],"curies":[{"name":"wp","href":"https:\/\/api.w.org\/{rel}","templated":true}]}}